-30 - -243 - (6 + 1 - 0)
-28
-62 + -24 + 131 - -72
117
Evaluate -135 - -81 - (-1 + 35 + -25 - (0 - -13)).
-50
What is the value of 14 + (76 - 96) + 1 + (4 - -11) - -39?
49
What is the value of 3 - 2 - (-302 + 268) - (3 + -2 + 2)?
32
Calculate (3 - (-4 - -6)) + 9 + 0 + 0 + -92.
-82
What is the value of 11 - (-3 + -2 + -7 + 37)?
-14
What is -41 + 70 + -82 + 117?
64
Evaluate 47 - (-1 + -15 - (-806 - -788)).
45
Evaluate -1 + -5 - (16 + -16 - (-8 - (4 + 38))).
-56
What is the value of -1 + 15 - (25 - (-51 - (54 + -62)))?
-54
-3 - (-5 - (-2 + -4)) - (-267 + 227)
36
Evaluate 2165 + -2135 + (-20 - 0).
10
What is 41 - (33 + -120 + 82)?
46
Calculate -7 + -9 + 17 + -9 + 0 + -14.
-22
Evaluate (-294 - -176) + 40 + -2 + -10.
-90
90 + -4 - (3 + 0 + -3 + -3 + 5)
84
What is the value of -18 + (7 - (16 + 6))?
-33
Evaluate -6 - ((32 + -7 + -24 - (1 + 5)) + 25).
-26
Calculate -2 - -41 - (-1766 - -1868).
-63
What is 31 + (-30 - (2 - -14))?
-15
What is the value of 58 - (18 - 25) - 6 - (-22 - -10)?
71
What is the value of (29 + 36 - (19 - -36)) + (0 - 1 - -102)?
111
Calculate 27 - (0 + 25 + -23 + -10 + 0 + -3).
38
What is the value of (3 - (-36 - 6)) + (3 - (4 + 5 + -16))?
55
(41 + -54 - (-2 - 47)) + -100
-64
Evaluate -16 - (4 + 6 - 28 - 39).
41
Calculate -12 - 44 - -50 - (2 - 49).
41
What is the value of (2 - 11) + 64 + -4 + (1 + 4 - 15)?
41
What is 16 + -56 - (-99 - -23)?
36
Evaluate (-82 - -117) + (13 - -28).
76
Calculate 10 - 2 - (-20 + 17 + (2 - -75 - 17)).
-49
15 - (-36 + 5 + -7 - -20)
33
Calculate -24 - (-3 - 0) - (-6387 + 6390).
-24
Evaluate -99 + 108 - ((0 - -6) + -11 + -6 + 0).
20
26 + -1 + 53 + -166
-88
What is the value of 73 + (-6 - (-20 - -154))?
-67
What is (-11 + 12 - (38 + -99)) + (19 - (11 - 6))?
76
-20 - ((28 - 19) + -7) - -100 - 25
53
What is (-9 + 35 - 26) + -24 - 21?
-45
-62 - -1 - (166 + 59 + -187)
-99
-3 - 2 - ((13 - 28) + -32 + (-11 - -2))
51
What is the value of -1 + 45 - (5 - 18 - (197 - 220))?
34
Evaluate 5638 + -5625 + (-1 - (23 - 1)) - -28.
18
Calculate -77 + 307 + 121 + -284.
67
12 + 0 + -8 - -9 - (-4 + 9) - 67
-59
What is (135 - 143) + (-1 + -4 - -5 - 7)?
-15
Evaluate -88 + (-10 - (-17 - (-13 - (-16 - -8))) - -14).
-72
Calculate -63 + 6 + -65 + (-33 - -55).
-100
Evaluate -60 - -21 - (-23 - -47 - 37).
-26
What is the value of 445 + -412 - (5 + 44)?
-16
Calculate (-110 - -174) + -142 + 121.
43
Calculate -70 - -104 - (33 - (-15 + 16)).
2
What is (0 + -136 - (462 - 487)) + 43?
-68
Evaluate 8 + ((-21 - -39) + 58 - (2 + 2 - 2)).
82
Calculate 22 - 10 - (-11 - -4 - (-4 + 6) - -55).
-34
Evaluate (38 - 7 - 17) + (2 - -20).
36
What is -1 + (52 - 48) + (8 - -3)?
14
9 + (-4 - ((118 - 0) + (14 - (-43 + 73))))
-97
Calculate 26 + 7 - 16 - 1 - 8.
8
-3260 - -3197 - (2 + 52)
-117
-32 + (45 - (18 + 9))
-14
Evaluate -8 - ((-5 - (-1 + 5 + 3)) + -111 + 2).
113
What is the value of (32 + -37 - 37) + (31 - 62)?
-73
What is (22 - (25 + (28 - 11))) + 3?
-17
Calculate (78 - (2 + -4)) + (52 - 38).
94
Calculate (-4 - 11) + (-4 + 12 + 7 - 10) - -14.
4
Evaluate (-18 - 4) + (509 - 465).
22
What is -9 + -7 + (12 - 3) + 28?
21
What is -82 - (-69 - -31) - (4 - 5)?
-43
1 + -53 - (-29 - (-62 + 54))
-31
What is the value of -3 + -97 + (530 - 568) - 9?
-147
Calculate (-12 - 4) + -4 + 18 + -21.
-23
What is the value of 44 + (-10 + 2 - 1) + -15?
20
Evaluate (54 + -64 - 73) + 75.
-8
Calculate -16 + (1 - 60 - (314 - 293)).
-96
Evaluate 2 - (-4 - 4) - (-18 + -9 + 26).
11
What is the value of 9 + (-52 - -49 - -41)?
47
(-1031 - -1100) + (1 - 52)
18
What is the value of -24 - ((32 - (175 + 3)) + -11)?
133
What is -38 + (27 - ((49 - 18) + -13 + -10))?
-19
Calculate 11 + -35 - (-788 + 856).
-92
Calculate 38 - -64 - (-22 + (87 - 38)).
75
What is -1 + 82 + (4 - (0 + -11 + 5 + -4))?
95
Calculate -74 - ((20 - ((16 - 6) + -7)) + -18).
-73
-30 + (-33 + 48 - (1 - 98))
82
What is (50 - 44) + 29 + -71 + -115?
-151
What is the value of 164 + -9 + -50 + -45?
60
Evaluate 39678 - 39712 - (4 - -1 - 1).
-38
Calculate -48 - (8 + (-7 - (5 - 0))) - -7.
-37
What is the value of -52 + 44 + 12 - 80?
-76
What is the value of -11 + -33 + (-5 - (6 - 5)) + 1 + 1?
-48
What is -56 - (4 + (-24 + 9 - -10)) - -8?
-47
Calculate 79 + -99 - (5 - 21) - (2 - 32).
26
What is 5 + 48 - (-2 + 28 + (407 - 431))?
51
-52 + (-27 + 15 - -3) - (-3 - -1 - 3)
-56
What is 5 - (-30 + 90 + -43 + -31)?
19
Evaluate 122 + (79 - (30 + 5) - 39).
127
What is -20 - ((-142 - -156) + (-7 - -1) + -16)?
-12
What is -166 - -180 - (-53 - -9)?
58
(-15 - 1) + (527 - 473)
38
Evaluate -28 - (13 - (-41 + 30 + -23)).
-75
What is the value of -1 - (25 + -16) - -10 - (-45 + -6)?
51
What is the value of (-71 - -9 - -3) + (-1 + (-3 - -8) - 6)?
-61
(127 + 2 - (318 + -289)) + (-18 - (-2 - 2))
86
Evaluate -36 - 2 - (-2101 - -2108).
-45
Evaluate -8 - (-8 + 4 + 132 + -77) - 17.
-76
Calculate 42 + (-13 + 15 + -9 - (0 + -4)).
39
Evaluate (-61 - (-41 + -12)) + 0 + -7 + -1.
-16
16 + 7 + (-13 - (-15 - -18))
7
What is 10 + -6 + 6 + -14 + -30 + 18?
-16
Calculate -11 + (-1939 - -1959 - (5 + 2 + -2 + 2)).
2
-2 - -27 - (52 + -50)
23
What is (-1 - -16) + -4 - (-29 + (3 - -68))?
-31
Evaluate -7 + 17 + -4 + 10 + -23 + 65 + 9.
67
Calculate 2 + (-1 + -66 - (184 - 188)).
-61
What is (12 - -2) + (650 - 640) + 41?
65
Calculate 52 - -39 - (-2 - (10 + (-2 - (-8 - -7)))).
102
Calculate 5 + (-67 - -20) + 21 + 1.
-20
Evaluate -5 + 22 + (-2 - -1) - (-22 - -14).
24
What is -155 + -31 + 105 - -44?
-37
Evaluate 838 - 850 - (3 + 3 + -5 + -2 + 10).
-21
Evaluate (-34 - -18 - 0) + (0 - -7) - 36.
-45
Evaluate -13 - ((-1 - -2 - -25) + 6 + -13).
-32
Evaluate (-282 - -261) + (5 - (3 - -8)).
-27
124 + 0 + (128 + -99 - (-14 + 44))
123
Evaluate -123 + (-221 - -398) - (-3 - -1 - -27).
29
What is 4 - 12 - (-10 - (-71 - -44))?
-25
Calculate (-36 - -12) + (5 - (6 - 3)).
-22
Evaluate -10 + 35 + 13 + -34 - -64 - (0 + 14).
54
What is (3 + -3 + 0 - (210 - 191)) + 10?
-9
Calculate (-47 - -5) + (-54 - -85).
-11
37 + 23 + -54 - (-3 + (41 - 2))
-30
What is the value of (-11 + -1 - 4) + 113 + -87?
10
(1 - 11 - -18 - -75) + 5 + -16 + 11
83
Evaluate ((-3 - 1) + -4 - 1) + -52 + (30 - 35).
-66
(58 - -171) + -250 - (-18 + -1)
-2
What is (1 - 13) + 36 + (-141 - -17)?
-100
21 - (87 - (-72 + 55))
-83
Calculate (-47 + 80 - -106) + -37.
102
3 + -6 + -7 + 21 + (15 - -25)
51
What is 131 - 78 - 30 - (-2 - -21)?
4
Calculate -18 + 6 + -1 + (4 - (-23 + -3)).
17
Calculate -10 + 33 + (-7 - (23 - 11)) + -69.
-65
What is the value of 85 + (31 - 109) + 57?
64
Evaluate -5 - (45 - (35 - -96) - (-16 + 0)).
65
Evaluate (-9 - 8) + (-37 - -7 - -28).
-19
Calculate (20 - (-4 + -2 + 5)) + (494 - 464).
51
Calculate (19 + -3 - (-9 - 5 - -9)) + 1 + 0.
22
What is 53 + -149 + (9 - -49)?
-38
-6 + (-8 - -3 - (-46 - -55))
-20
5 + 0 - ((98 - (-59 - -111)) + 31)
-72
What is 123 - (5 + -3) - (-259 + (251 - -14))?
115
Calculate (0 - (2 - 1 - 18)) + (-109 - (-188 - -74)).
22
Evaluate -1 + 6 + -2 - (-24 - -21) - -37.
43
What is the value of 1 - 130 - ((129 - 60) + -103)?
-95
Calculate -2 + 1 + 26 - 3 - (-1760 + 1773).
9
(-3 + 6 - (11 - 26 - (-22 - 0))) + -41
-45
15 + (7 + -29 - -19 - -4)
16
-14 + 25 - ((3 - 13) + 48 + 2)
-29
What is the value of 50 + (-2 - -3) + (-9 - -5 - 12 - -19)?
54
Calculate 5 - (-46 + 5 + 31).
15
What is (-2 - -1) + 11 + (-23 - -5) + -4 + -6?
-18
Calculate 16 + 38 + -51 + (-6 - 3).
-6
What is 23 + (21 - (15 + 1 + -2))?
30
Evaluate -13 + 8 + 0 - (-33 + (2 - 6)).
32
Evaluate (-127 - -390) + -248 - (1 - (1 + -91)).
-76
Evaluate (752 + -708 - (-57 + -1)) + 0 + -6.
96
Calculate (20 - 2) + 1 - ((13 - (11 + 1)) + -13).
31
Evaluate 146 + -28 + -41 + -72 - (7 - 1).
-1
-2510 - -2472 - (-3 + 2 - 2)
-35
What is the value of 3 - (-8 - 2) - (-137 + 157)?
-7
Evaluate -21 + 2 - (-532 - -528) - (0 - -7).
-22
Evaluate 4 + (-5 - ((2 - -6) + (-2 - (14 - 1)))).
6
Evaluate -2 - (33 + (-4 - (19 + -7 - 17))).
-36
Evaluate 4067 + -3971 + 1 + -93.
4
Evaluate 14 + (-15 - -6) + 75.
80
What is the value of -41 - -7 - 9 - (-11 - (-4 + 6))?
-30
What is 6 + (6 + -13 - -14) + 16?
29
(27 + -29 + 35 - 0) + 26
59
Calculate 297 + -252 - (72 - 15).
-12
(-5 - -7) + (-3 - ((-3 - -9) + -7) - 31)
-31
Evaluate -40 + 19 + 6 + -18 + 21.
-12
4 - -2 - (-57 - (47 + -98))
12
What is the value of -224 - (-96 + (-104 - -85))?
-109
Calculate (-32 - -46) + -51 + -16 - (2 + 3).